= -v - 15. Let z(g) = g + 14. Let i(m) = 4*x(m) + 5*z(m). What is the remainder when 86 is divided by i(l)?
20
Let i be (36/6 - 10) + 4. Suppose -2*b + 70 + 34 = 3*m, i = 3*b - 12. Let l(v) = 2*v. What is the remainder when m is divided by l(9)?
14
Let j = -62 + 69. Suppose -3*h + c = -6, -j*c + 4*c = h - 2. Suppose h*n + 2*q + 0*q = 198, n - 3*q - 115 = 0. Calculate the remainder when n is divided by 35.
33
Let g(x) = 3*x**2 - 92*x + 272. Calculate the remainder when ((-16)/1)/((-8)/172) is divided by g(3).
22
Let a = 2408 + -2392. Let n(u) = -2*u - 2. Let y be n(-5). Suppose -a = 4*p, x + 3*p + y = -0*x. Calculate the remainder when 13 is divided by x.
1
Calculate the remainder when (-184)/(-6)*13179/764 is divided by 257.
15
Let q(f) = -2*f**3 - 49*f**2 - 46*f - 136. Calculate the remainder when q(-25) is divided by 50.
39
Suppose -3*o = c - 401 + 146, -4*o + 5*c = -340. Calculate the remainder when 526 is divided by o.
16
Suppose n + 3*a = 4*n - 123, -5*n + 4*a + 204 = 0. What is the remainder when (-4)/(-12) + 170/3 is divided by -30*(16/n)/(8/(-10))?
12
Let c = 6344 + -6278. Calculate the remainder when c is divided by 28.
10
Let v = 459 + -270. What is the remainder when v is divided by ((-4)/(-21))/(163/6846)?
5
Suppose -z + 7 = 4. Let a(s) = -s + 7. Calculate the remainder when 43/4 + 6/(-8) is divided by a(z).
2
Let p be 2*(-5)/(-20)*6. Suppose 0 = 3*j + p*g - 66, 0*j - 2*g = -3*j + 61. Suppose -243 = -7*v + 4*v. Calculate the remainder when v is divided by j.
18
Let u = -1359 + 16405. Calculate the remainder when u is divided by 99.
97
Let f = 2357 - 2308. What is the remainder when 231 is divided by f?
35
Let u(v) = -v**2 + 24*v - 7. Let q be u(22). Suppose -124 = -q*a + 35*a. Suppose a*d + 7 = 63*d. What is the remainder when d is divided by 4?
3
Suppose 0 = -5*r - 0*r + 3*d + 354, 3*d = -4*r + 267. Suppose 0 = 3*q - 0*q - r. Let u = q + 6. Calculate the remainder when 85 is divided by u.
27
Let q(u) = 2*u**2 - u + 5. Let i = 44 - 38. Suppose -y = i - 24. Calculate the remainder when q(-3) is divided by y.
8
Suppose 2*s = -50 + 362. Suppose 0*k - s = 3*k. Let w = k - -105. What is the remainder when w is divided by 19?
15
Suppose 3*w = -136 - 137. Let r = w - -125. Calculate the remainder when r is divided by 8.
2
Let r(a) = 403*a**3 - 2*a**2 + 3*a - 1. Let w be r(1). Let x = w - 374. What is the remainder when 78 is divided by x?
20
Suppose 0 = -k - 18*i + 21*i + 36, 0 = 2*i + 4. What is the remainder when 755 is divided by k?
5
Suppose -4*b + 2*b = -b. Let g be -5*(16/(-1) - -1 - b). Let x = g + -6. Calculate the remainder when x is divided by 14.
13
Let y = 36 - 5. Suppose 6*s - 10*s = 2*n - 46, 2*s - 35 = -5*n. Suppose 336 - 1236 = -s*f. What is the remainder when f is divided by y?
28
Suppose -3*c = -9, 2*c = -3*g + 3*c - 15. Calculate the remainder when (-724 + g)/(-7) + -2 is divided by 27.
21
Suppose -4*s + 2*z + 130 = -z, 0 = -2*s - 5*z + 78. Suppose -s*w + 543 = 101. Calculate the remainder when 72 is divided by w.
7
Let u(j) = -2*j**3 - 25*j**2 + 14*j + 43. Let t(o) = 53*o**2 + 2*o + 1. Calculate the remainder when t(-1) is divided by u(-13).
22
Let d = -1083 + 1831. Let s = d - 158. Calculate the remainder when s is divided by 54.
50
Suppose 145 = -2*w - 107. What is the remainder when 118 is divided by 2/(-12) + (-2541)/w?
18
Suppose -15*h + 942 = -9*h. Calculate the remainder when h is divided by 98.
59
Let b be 50 + (-3 - -6) + 4. Let x = b - 51. Let f(a) = a**3 + 5*a**2 - 8*a - 9. Calculate the remainder when x is divided by f(-6).
0
Suppose 0 = -18*y + 22*y - 20. Suppose 46 - 96 = -y*h. Suppose -18 = h*w - 11*w. Calculate the remainder when 20 is divided by w.
2
Calculate the remainder when (-8607)/(-95) - (2/12 - (-117)/270) is divided by 8.
2
Let k = -9331 + 9787. What is the remainder when k is divided by 111?
12
Let d = 1536 - -3086. Suppose -d = -58*s + 5586. Calculate the remainder when s is divided by 13.
7
Let g(n) = 19*n - 51. Let h(f) = 2*f**2 - 47*f - 19. Let j be h(24). Calculate the remainder when g(j) is divided by (-2)/(-4) - 69/(-6).
8
Let d = 39771 - 39701. What is the remainder when 134 is divided by d?
64
Let d(n) = 4*n**2 + 43*n - 1344. Calculate the remainder when d(21) is divided by 13.
10
Let u = -2271 - -2579. Calculate the remainder when u is divided by 10.
8
Let f(z) = z**3 + 19*z**2 - 61*z + 180. What is the remainder when 2321 is divided by f(-22)?
11
Let s(i) = 1650*i + 43. What is the remainder when 420 is divided by s(0)?
33
Let p = -62495 - -62498. Let k = -4 + 26. Calculate the remainder when k is divided by p.
1
Let k = 8456 - 8302. Calculate the remainder when 605 is divided by k.
143
Let j = -16270 + 17887. What is the remainder when j is divided by 15?
12
Let l(x) = -x**2 - 3*x + 482. Let d = -38 - -102. What is the remainder when d is divided by l(-23)?
20
Let u(f) = -5*f - 5. Suppose 5*w + 44 = -6. What is the remainder when 441/15 - (-4)/w is divided by u(-4)?
14
Let d be 6996/(-88) + (1 - 10/4). Let j = d + 93. Suppose -4*t + 15 = 5*f - 1, -4*t = 4*f - j. Calculate the remainder when 23 is divided by f.
3
Let c = -50 - -172. What is the remainder when c is divided by 6?
2
Suppose 59*j - 3876 = 25*j. Calculate the remainder when j is divided by 42.
30
Suppose -3*b + 24 = -5*p, 0 = -2*b + p - 4*p + 16. Let z(w) = 2 + 20 - b + w**3 + 8*w - w + 9*w**2. Calculate the remainder when z(-8) is divided by 7.
1
Let d(r) = -r**3 - 14*r**2 - 54*r - 19. What is the remainder when (6/5)/(2/130) is divided by d(-7)?
14
Let f = 672 - 641. What is the remainder when 771 is divided by f?
27
Let k(g) = 9*g + 7*g - 21 + 12*g - 32*g. Calculate the remainder when 244 is divided by k(-14).
34
Let k = -928 - -1587. Calculate the remainder when k is divided by 326.
7
What is the remainder when (-4)/(-6)*(18 - (-133245)/30) is divided by 7?
5
Let j(f) = 6*f**2 + f - 1. Suppose 1098*n + 1072*n + 77910 = 2380*n. What is the remainder when n is divided by j(1)?
5
What is the remainder when 1656 + 10 - (-60 - -57)*(3 - 1) is divided by 416?
8
Suppose -24*k = -15*k - 2133. What is the remainder when 953 is divided by k?
5
Let l(s) = 5*s**2 - 25*s - 32. Let a be l(13). Suppose 4*o - 302 = -2*r, 4*r + 3*o - 116 = a. What is the remainder when r is divided by 33?
19
Suppose -3946*l = -3958*l + 2856. Calculate the remainder when 262 is divided by l.
24
Let m(b) = 22*b + 2. Let r be m(-2). Let y = -25 - r. Let d = 24 - -9. What is the remainder when d is divided by y?
16
Let h = 11987 + -11979. Let p be 6/4*24/9. Suppose -p*z + 35 = 5*j, -4*j - 17 = -3*z + 48. What is the remainder when z is divided by h?
7
Suppose -21*n = 35 + 70. What is the remainder when (1*-1)/((n/(-115))/(-1)) is divided by 14?
9
Let r = -8 + 6. Calculate the remainder when 171 is divided by (-5)/r + (-1750)/(-100).
11
Let d = 158 - 159. Let w(z) = 123*z**2 + 14*z + 14. What is the remainder when w(d) is divided by 7?
4
Let j = 8 + -4. Suppose 0 = j*m - 35 + 27. Calculate the remainder when 37 is divided by m.
1
Suppose i - 56 = 136. Let k = -36194 + 36288. Calculate the remainder when k is divided by (3/4)/(3/i).
46
Suppose -2*d - 2890 + 669 = -5*x, -5*x + 3*d + 2219 = 0. Calculate the remainder when x is divided by 90.
85
Let t(f) = -2*f**3 - 248*f**2 - 5*f - 511. What is the remainder when 2927 is divided by t(-124)?
93
Let q = -57 + 64. Let h = 396 - 378. Calculate the remainder when h is divided by q.
4
Suppose 3*q - 21 = 0, -78 - 32 = -3*a - 14*q. Calculate the remainder when 3470 is divided by a.
2
Let b(i) = 538*i - 203. Calculate the remainder when b(2) is divided by 23.
22
Let i(k) = k**2 + 82*k + 2434. Calculate the remainder when i(-41) is divided by 26.
25
Suppose 3*z - 5*t = 26, -3*z - 4*t - 14 = t. Suppose 0 = -z*a - h - 2*h - 24, 0 = 4*h - 8. What is the remainder when 34 + (18/15)/((-6)/a) is divided by 13?
11
Calculate the remainder when 1599 is divided by 263 - (-6)/12*(7 - (8 + -5)).
9
Let b(f) = f**3 - 10*f**2 + 26. What is the remainder when 16015 is divided by b(10)?
25
Suppose 4*k - 2606 = -2*r, 4*k + r = -3*r + 2612. Calculate the remainder when k is divided by (-19175)/(-50)*(-10)/(-130) + 3/2.
30
Let a(n) = 10*n**2 + 19*n - 180. What is the remainder when a(12) is divided by 99?
3
Let z be 4/22 + 6/((-132